.
20
Let o(a) = -8*a - 8. Let x be o(-6). Suppose -j - 4*j + 30 = 5*c, j = 3*c - 6. Let l be (-37 - j)*9/(-6). What is the greatest common factor of l and x?
20
Let b(d) = -d**2 - 2*d. Let o be b(-3). Let c be (-32)/4 + o*1. Let g = c - -26. What is the highest common divisor of g and 165?
15
Let y(b) = b**2 - 6*b + 3. Let i be y(-6). Let d be (34/51)/(1/(-183)). Let n = d - -152. Calculate the highest common divisor of n and i.
15
Suppose -3*q = -3 - 33. Suppose -4*f + 20 + 0 = 0. Suppose b - l - 28 = l, 2*b - 65 = -f*l. What is the highest common factor of q and b?
6
Let k = 7 - -9. Suppose -x = -t - 14, 5*t - 4 - k = -4*x. Suppose 2*z + z - 6 = 2*d, 0 = -3*z + 4*d. Calculate the highest common divisor of z and x.
2
Suppose 3*q = -5*v + 59, -v + 26*q = 25*q - 7. Calculate the highest common divisor of 630 and v.
10
Let p(c) = -10*c. Let o be p(-7). Let u(n) = n**3 - 5*n**2 - 3*n - 4. Let d be u(6). Calculate the greatest common divisor of d and o.
14
Suppose 129 = w - 222. What is the greatest common divisor of w and 13?
13
Let f be (((-25)/(-10))/1)/(2/44). Calculate the highest common factor of 385 and f.
55
Let m(o) = 46*o + 92. Let s be m(6). What is the highest common factor of 16 and s?
16
Suppose 10*k = -2*k + 48. Suppose -k*x + 188 = 20. Calculate the greatest common factor of 6 and x.
6
Suppose -9 = -5*q + 3*t + 10, 0 = 3*q - 3*t - 15. Calculate the greatest common divisor of q and 14.
2
Let t = -222 - -225. Let f(h) be the second derivative of h**4/6 - h**3/3 + h. Let a be f(t). What is the highest common divisor of 96 and a?
12
Suppose -33*m + 34*m = 75. What is the greatest common divisor of 25 and m?
25
Suppose 3*v - 47 = -4*j, 0 = -5*j + 4*v + 11 + 9. Let s be 32*(8 + -6) + 0. Calculate the highest common divisor of s and j.
8
Suppose 7*q - 51 = 33. Calculate the greatest common factor of q and 588.
12
Let o(h) = 2*h**2 + 1. Let a be o(-1). Suppose r + 70 = 4*j - 2*r, r + 55 = a*j. Let m = 24 - j. Calculate the greatest common factor of 25 and m.
5
Let w be 4 + 4 + -1*(2 - -3). What is the greatest common divisor of w and 24?
3
Let y be -5*((-4)/(-40)*-4 + 0). Suppose y*x = 337 + 13. What is the highest common factor of 35 and x?
35
Let o be 1/((-3)/(-9)*-1). Let f be ((-8)/(-16))/(1/24). Let u be f + 2 + -5 - o. Calculate the greatest common factor of u and 18.
6
Let s = 6 + -1. Let j be (14/7 + (2 - 4))/(-2). Suppose 27*c - 32*c + 25 = j. Calculate the greatest common factor of c and s.
5
Let h = 1955 - 1939. Calculate the greatest common factor of h and 20.
4
Let y = -1741 + 1748. Let w be 2/7 + (-12)/(-7). Suppose 5*r - 3*j - 40 = w*j, -4*r = 5*j - 23. What is the highest common divisor of r and y?
7
Suppose -9*d - 14*d = -345. Calculate the highest common factor of 45 and d.
15
Suppose 4*b - 1792 = -y, 0 = -5*y + 3*y. Calculate the highest common factor of 64 and b.
64
Let o = 1847 + -1704. What is the highest common factor of 130 and o?
13
Suppose -k = -5 + 1. Let m(p) = -8*p**2 - 21. Let t(g) = 2*g**2 + 5. Let x(d) = 2*m(d) + 9*t(d). Let s be x(k). What is the greatest common divisor of s and 35?
35
Suppose 3*v + 3*h - 189 = 0, -8 = 2*h - 0. What is the highest common divisor of 67 and v?
67
Let k(l) be the first derivative of l**3/3 - 7*l**2/2 - 9*l + 8. Let z be k(9). What is the greatest common factor of z and 9?
9
Let m be (12 - 3612/(-14))*1/3. Calculate the highest common divisor of 120 and m.
30
Let v = -20 - -83. Calculate the greatest common factor of 336 and v.
21
Let g = -32 - -58. Suppose -r - 21 = -z - 5, -g = -z - 4*r. Suppose -85*b + 65*b = -1440. What is the greatest common factor of b and z?
18
Suppose -40*o = -33*o - 252. What is the greatest common factor of 2340 and o?
36
Suppose -131*x - 5120 = -135*x. Calculate the greatest common divisor of 40 and x.
40
Let u be -1 + 90 + -9 - 0. Calculate the greatest common divisor of u and 144.
16
Suppose -j + 460 = 3*j. Let o be 69/9*(11 - (16 - 8)). What is the highest common factor of o and j?
23
Suppose 8*s - 2*k = 9*s - 15, 5*s = k + 42. What is the highest common factor of s and 6?
3
Let w(o) = o + 14. Let x be w(-5). Suppose -21 + x = -3*m. Suppose m*i + 5*f = 6*i - 233, -5 = f. Calculate the greatest common divisor of i and 13.
13
Suppose -55 - 11 = -3*p. Suppose 5*y - p = 298. Suppose 3*d = 7*d - y. Calculate the greatest common divisor of 2 and d.
2
Let g = -92 + 227. What is the greatest common divisor of g and 27?
27
Let w be 1/(-2) - ((-503)/2 - -1). What is the greatest common divisor of 20 and w?
10
Let x(z) = z**2 - 2. Let j be (-2)/(1/(9/(-6))). Let g be x(j). What is the greatest common factor of 63 and g?
7
Let t(b) = 21*b + 98. Let n be t(16). What is the greatest common divisor of n and 62?
62
Let y(n) = -27*n**3 + n**2 - 1. Let k be y(-1). Let w = 569 + -566. What is the greatest common divisor of k and w?
3
Let j be 2 + 2*3/6. Let m be ((-65)/15)/((-1)/j). What is the highest common factor of m and 143?
13
Let i(d) = -105*d + 234. Let o be i(0). What is the greatest common divisor of 143 and o?
13
Let r(d) = d**2 + 2*d - 46. Let t be r(-10). What is the highest common divisor of t and 153?
17
Let p = -31 - -33. Suppose -6*w + 100 = -p*w. Calculate the highest common factor of 275 and w.
25
Suppose 8 + 0 = 2*g. Suppose l + l = 4, 3*h + g*l = 173. Suppose s + 5*p + 20 = 0, 3*p + 10 = 3*s + 4*p. Calculate the greatest common factor of s and h.
5
Let l be (-3)/1*6*-2. What is the greatest common divisor of 126 and l?
18
Let s be 107/5 + (-22)/55. Let g be 270/s - 5/(-35). Calculate the highest common factor of 13 and g.
13
Let b be -1*(-2)/3*3. Let q = 9 - 6. Suppose -b*k + 5*r - 2 = 0, -2*k + 65 = q*k + 5*r. What is the greatest common factor of 9 and k?
9
Let c(m) = m**3 - 3*m**2 - 9. Let o be c(6). Let g = o + -57. What is the greatest common divisor of g and 63?
21
Suppose -3*v + 279 = 2*g, 10*g - 7*g - 3*v - 441 = 0. What is the highest common divisor of g and 360?
72
Let x(h) = 2*h**2 + 12*h + 23. Suppose -8*r + 10*r = -6. Let n be x(r). What is the highest common divisor of n and 45?
5
Let a be 2 + 2 - (8/2 + -3). Suppose a*i - l + 4*l - 18 = 0, -3*l = -6. Calculate the highest common divisor of 32 and i.
4
Suppose -2*c - 10 = 0, -2*v + 72 = -18*c + 16*c. Let b(p) = -p**3 - 3*p**2 + 13*p + 1. Let y be b(-6). Calculate the highest common factor of v and y.
31
Let g = 318 - 58. Suppose 2*d - 3*a + 8*a - g = 0, 5*a = 5*d - 580. What is the highest common divisor of d and 15?
15
Let v(w) = -133*w + 5. Let n be v(11). Let d be 2/(-14) + n/(-14). What is the highest common factor of d and 13?
13
Let x(w) = -w**3 + w + 20. Let u be x(0). What is the highest common divisor of 25 and u?
5
Let i = 252 - 204. Calculate the greatest common factor of i and 1296.
48
Suppose 4*s - 151 = -123. Suppose -2*h + 11 + 31 = 0. What is the highest common divisor of h and s?
7
Suppose -5 = 4*y - 9. Suppose 0*b + t = -3*b + 11, -b = -2*t + y. What is the highest common divisor of b and 2?
1
Suppose -1629 = 4*k + m, 2*m + 2*m = 4*k + 1644. Let h be k/(-42) + (-2)/(-7). Let f = -16 - -41. What is the greatest common divisor of h and f?
5
Suppose -8*c = 2*l - 10*c - 654, 4*c - 636 = -2*l. What is the highest common divisor of 135 and l?
27
Suppose -2*d = -230 + 212. Calculate the highest common factor of d and 2367.
9
Let v = -10 + 15. Suppose -2*g = -i + 4*i - 140, 276 = 4*g + 5*i. Suppose -86 - g = -v*t. Calculate the highest common divisor of 12 and t.
6
Suppose 5*q - 436 = -4*g, 2*q = 5*g - 0*q - 578. Calculate the highest common divisor of 399 and g.
57
Suppose n + 2401 = 3*i, -10*i + 2*n + 2405 = -7*i. Calculate the greatest common divisor of 47 and i.
47
Suppose -q - 1 = 3*f - 7, -q - 2*f + 8 = 0. What is the greatest common divisor of q and 20?
4
Suppose 100 = 4*s - 52. Calculate the greatest common divisor of 285 and s.
19
Let g(y) = -6*y**3 - 5*y**2 - 3*y - 7. Let n be g(-3). What is the greatest common divisor of 21 and n?
7
Let s be (-1 + (-6)/2)*-2. Let m be s/68 + (-1626)/(-51). Let y = 55 - -25. Calculate the greatest common divisor of m and y.
16
Let y = 234 - 107. Suppose 4*c = 135 - y. Calculate the greatest common divisor of 4 and c.
2
Let j be (-220)/(-10)*(-1 + 2). Calculate the greatest common divisor of j and 88.
22
Let q(k) = 122 - 243